1968448?
2, 30757
List the prime factors of 110353.
211, 523
List the prime factors of 4129804.
2, 7, 79, 1867
What are the prime factors of 726640?
2, 5, 31, 293
What are the prime factors of 8718928?
2, 313, 1741
List the prime factors of 4662.
2, 3, 7, 37
List the prime factors of 861867.
3, 137, 233
What are the prime factors of 939269?
31, 41, 739
List the prime factors of 9131313.
3, 449, 6779
List the prime factors of 195424.
2, 31, 197
What are the prime factors of 4742325?
3, 5, 7, 3011
What are the prime factors of 11047612?
2, 2761903
List the prime factors of 363865.
5, 61, 1193
What are the prime factors of 27528227?
73, 377099
List the prime factors of 2920802.
2, 61, 89, 269
What are the prime factors of 15229227?
3, 13, 390493
What are the prime factors of 334683?
3, 41, 907
List the prime factors of 1203019.
1203019
What are the prime factors of 386562?
2, 3, 11, 5857
What are the prime factors of 19759314?
2, 3, 103, 31973
List the prime factors of 13124211.
3, 29, 61, 2473
What are the prime factors of 205437?
3, 31, 47
What are the prime factors of 315493?
315493
What are the prime factors of 458105?
5, 91621
List the prime factors of 143210.
2, 5, 14321
List the prime factors of 827611.
17, 89, 547
List the prime factors of 797014.
2, 53, 73, 103
What are the prime factors of 1035266?
2, 17, 30449
List the prime factors of 289198.
2, 7, 13, 227
What are the prime factors of 2157588?
2, 3, 73, 821
What are the prime factors of 1372577?
239, 5743
What are the prime factors of 1643877?
3, 182653
List the prime factors of 25297.
41, 617
What are the prime factors of 35774431?
7, 11, 464603
List the prime factors of 2217731.
41, 54091
List the prime factors of 8728808.
2, 11, 99191
List the prime factors of 10086757.
71, 142067
What are the prime factors of 495612?
2, 3, 13, 353
What are the prime factors of 22621340?
2, 5, 7, 41, 563
What are the prime factors of 4776972?
2, 3, 79, 5039
What are the prime factors of 11200469?
7, 228581
What are the prime factors of 74845?
5, 14969
List the prime factors of 8585201.
61, 140741
List the prime factors of 182208.
2, 3, 13, 73
List the prime factors of 3172257.
3, 11, 971
What are the prime factors of 29907819?
3, 41, 27017
List the prime factors of 33409262.
2, 269, 62099
What are the prime factors of 20196100?
2, 5, 201961
List the prime factors of 34541.
13, 2657
What are the prime factors of 861079?
861079
List the prime factors of 2660914.
2, 353, 3769
List the prime factors of 79371.
3, 8819
List the prime factors of 10708620.
2, 3, 5, 13, 13729
List the prime factors of 15832316.
2, 239, 16561
List the prime factors of 127946.
2, 7, 13, 19, 37
List the prime factors of 26228.
2, 79, 83
List the prime factors of 1863673.
7, 266239
What are the prime factors of 183083?
223, 821
What are the prime factors of 5273904?
2, 3, 109873
List the prime factors of 4685172.
2, 3, 19, 20549
What are the prime factors of 152198?
2, 76099
What are the prime factors of 1083388?
2, 31, 8737
What are the prime factors of 201357?
3, 13, 1721
What are the prime factors of 125940?
2, 3, 5, 2099
What are the prime factors of 1586608?
2, 53, 1871
What are the prime factors of 7733626?
2, 79, 48947
List the prime factors of 24753448.
2, 3094181
List the prime factors of 7099651.
13, 31, 79, 223
What are the prime factors of 16915820?
2, 5, 271, 3121
List the prime factors of 529528.
2, 66191
What are the prime factors of 1283839?
1283839
What are the prime factors of 7550168?
2, 53, 17807
What are the prime factors of 1557318?
2, 3, 7, 5297
What are the prime factors of 7865580?
2, 3, 5, 337, 389
List the prime factors of 12528943.
7, 1789849
List the prime factors of 3160511.
449, 7039
List the prime factors of 146423.
146423
What are the prime factors of 10621500?
2, 3, 5, 73, 97
What are the prime factors of 61170?
2, 3, 5, 2039
What are the prime factors of 1892231?
11, 172021
What are the prime factors of 1151330?
2, 5, 115133
List the prime factors of 380029.
13, 23, 31, 41
List the prime factors of 168527.
168527
What are the prime factors of 246879?
3, 27431
List the prime factors of 55756.
2, 53, 263
List the prime factors of 67064.
2, 83, 101
List the prime factors of 16730221.
739, 22639
What are the prime factors of 320398?
2, 13, 12323
What are the prime factors of 7092600?
2, 3, 5, 11821
List the prime factors of 1330733.
1330733
What are the prime factors of 11575997?
17, 19, 35839
List the prime factors of 1183924.
2, 7, 42283
List the prime factors of 2394836.
2, 19, 31511
List the prime factors of 2275014.
2, 3, 7, 54167
List the prime factors of 710865.
3, 5, 15797
List the prime factors of 2309748.
2, 3, 7, 31, 887
List the prime factors of 25126747.
89, 103, 2741
List the prime factors of 46990.
2, 5, 37, 127
List the prime factors of 1543874.
2, 771937
What are the prime factors of 4737569?
4737569
List the prime factors of 68093.
149, 457
List the prime factors of 180598.
2, 11, 8209
What are the prime factors of 2649489?
3, 883163
List the prime factors of 706069.
7, 13, 7759
What are the prime factors of 11969310?
2, 3, 5, 398977
List the prime factors of 13890.
2, 3, 5, 463
List the prime factors of 929160.
2, 3, 5, 29, 89
List the prime factors of 832571.
157, 5303
What are the prime factors of 36513551?
36513551
List the prime factors of 137587.
137587
What are the prime factors of 822422?
2, 411211
What are the prime factors of 351772?
2, 87943
What are the prime factors of 617341?
617341
What are the prime factors of 1396107?
3, 61, 2543
List the prime factors of 7255092.
2, 3, 13, 46507
What are the prime factors of 2783388?
2, 3, 163, 1423
List the prime factors of 820390.
2, 5, 82039
List the prime factors of 121771.
13, 17, 19, 29
What are the prime factors of 6608527?
6608527
What are the prime factors of 322543?
13, 43, 577
What are the prime factors of 7361085?
3, 5, 17, 28867
List the prime factors of 2713412.
2, 13, 52181
What are the prime factors of 21495297?
3, 97, 73867
List the prime factors of 1613056.
2, 6301
List the prime factors of 21174466.
2, 29, 181, 2017
List the prime factors of 740480.
2, 5, 13, 89
List the prime factors of 2529883.
167, 15149
List the prime factors of 839639.
41, 20479
List the prime factors of 5476200.
2, 3, 5, 9127
What are the prime factors of 1499872?
2, 11, 4261
List the prime factors of 221607.
3, 24623
List the prime factors of 8124241.
59, 137699
What are the prime factors of 79422?
2, 3, 7, 31, 61
What are the prime factors of 4560495?
3, 5, 304033
List the prime factors of 13499131.
13499131
What are the prime factors of 25042?
2, 19, 659
What are the prime factors of 340148?
2, 85037
What are the prime factors of 232682?
2, 116341
List the prime factors of 785454.
2, 3, 109, 1201
List the prime factors of 7399530.
2, 3, 5, 82217
What are the prime factors of 717840?
2, 3, 5, 997
List the prime factors of 926396.
2, 231599
What are the prime factors of 889465?
5, 177893
List the prime factors of 6816283.
331, 20593
List the prime factors of 916344.
2, 3, 11, 13, 89
List the prime factors of 5048920.
2, 5, 126223
List the prime factors of 1363952.
2, 85247
List the prime factors of 19916032.
2, 77797
What are the prime factors of 8113944?
2, 3, 149, 2269
What are the prime factors of 115788?
2, 3, 9649
What are the prime factors of 5250211?
5250211
What are the prime factors of 464584?
2, 58073
List the prime factors of 10409509.
11, 86029
List the prime factors of 113026.
2, 31, 1823
What are the prime factors of 242855?
5, 48571
List the prime factors of 15310190.
2, 5, 7, 218717
What are the prime factors of 67972?
2, 16993
What are the prime factors of 850495?
5, 170099
What are the prime factors of 4173034?
2, 31, 67307
List the prime factors of 929662.
2, 17, 37, 739
List the prime factors of 8140318.
2, 79, 51521
What are the prime factors of 24582249?
3, 179, 15259
What are the prime factors of 1074831?
3, 358277
What are the prime factors of 1573181?
19, 82799
List the prime factors of 12058925.
5, 29, 16633
What are the prime factors of 179705?
5, 127, 283
What are the prime factors of 466?
2, 233
What are the prime factors of 197584?
2, 53, 233
What are the prime factors of 4392164?
2, 7, 22409
List the